{"id":176,"date":"2016-10-24T11:39:23","date_gmt":"2016-10-24T11:39:23","guid":{"rendered":"http:\/\/liceumjodlowa.pl\/?page_id=176"},"modified":"2022-09-09T08:17:00","modified_gmt":"2022-09-09T08:17:00","slug":"o-szkole","status":"publish","type":"page","link":"http:\/\/liceumjodlowa.pl\/?page_id=176","title":{"rendered":"O SZKOLE"},"content":{"rendered":"<p align=\"justify\"><span style=\"color: #000000;\">\u00a0\u00a0\u00a0\u00a0 <span style=\"font-family: Calibri, sans-serif;\"><span style=\"font-size: large;\">Od 01.09.2016 r. do 31.08.2018 r. organem prowadz\u0105cym szko\u0142\u0119 by\u0142a Izba Rzemie\u015blnicza oraz Ma\u0142ej i \u015aredniej Przedsi\u0119biorczo\u015bci w Tarnowie. Od 01.09.2018 r. szko\u0142\u0119 prowadzi Starostwo Powiatowe w D\u0119bicy. <\/span><\/span><\/span><\/p>\n<p align=\"justify\"><span style=\"color: #000000;\">\u00a0\u00a0\u00a0\u00a0 <span style=\"font-family: Calibri, sans-serif;\"><span style=\"font-size: large;\">Szko\u0142a w swoich dzia\u0142aniach stawia na rozw\u00f3j i nowoczesno\u015b\u0107. Pierwsz\u0105 wa\u017cn\u0105 inwestycj\u0105 by\u0142a audiowizualna pracownia j\u0119zyk\u00f3w obcych z tablic\u0105 multimedialn\u0105. Sukcesywnie prowadzony jest remont sal i pomieszcze\u0144 szkolnych. Generalny remont budynku przeprowadzony zosta\u0142 w okresie wakacyjnym w 2017 r. obejmowa\u0142 pe\u0142n\u0105 termomodernizacj\u0119\u00a0 budynku.\u00a0 Wszystkie\u00a0 te\u00a0 dzia\u0142ania\u00a0 maj\u0105\u00a0 na\u00a0 celu\u00a0 podniesienie\u00a0 poziomu i jako\u015bci kszta\u0142cenia.<\/span><\/span><\/span><\/p>\n<p align=\"justify\">\u00a0\u00a0\u00a0\u00a0 <span style=\"font-family: Calibri, sans-serif;\"><span style=\"font-size: large;\">M\u0142odzie\u017c ucz\u0119szczaj\u0105ca do naszej szko\u0142y mo\u017ce liczy\u0107 na wysoki poziom kszta\u0142cenia w dobrej, przyjaznej atmosferze i przy indywidualnym podej\u015bciu do potrzeb i mo\u017cliwo\u015bci ka\u017cdego ucznia. Nauka odbywa si\u0119 z wykorzystaniem nowoczesnych metod i \u015brodk\u00f3w dydaktycznych. Obok nowoczesnej pracowni j\u0119zykowej mamy do dyspozycji otwart\u0105 z pocz\u0105tkiem 2018 r. now\u0105 pracowni\u0119 multimedialn\u0105, To procentuje. <\/span><\/span><\/p>\n<p align=\"justify\">\u00a0\u00a0\u00a0 <span style=\"font-family: Calibri, sans-serif;\"><span style=\"font-size: large;\">Matura w 2018 r. zako\u0144czy\u0142a si\u0119 sukcesem absolwent\u00f3w i nauczycieli naszej szko\u0142y. M\u0142odzie\u017c uzyska\u0142a wysokie wyniki, kt\u00f3re pozwoli\u0142y wielu na podj\u0119cie studi\u00f3w na wybranych uczelniach. Nasi uczniowie odnosz\u0105 r\u00f3wnie\u017c sukcesy w konkursach mi\u0119dzyszkolnych, naukowych i sportowych. Warto wspomnie\u0107, \u017ce w roku obchod\u00f3w 100. rocznicy odzyskania Niepodleg\u0142o\u015bci przez Polsk\u0119 uczniowie III klasy LO \u2013 Mariusz Kap\u0142on i Adam Dzierwa wzi\u0119li udzia\u0142 w Powiatowym Konkursie Retorycznym pod has\u0142em \u201eNiepodleg\u0142o\u015b\u0107 jest z nas\u201d, w kt\u00f3rym Mariusz Kap\u0142on zosta\u0142 wyr\u00f3\u017cniony za wyg\u0142oszon\u0105 mow\u0119. Uczestnicy konkursu oraz zesz\u0142oroczna stypendystka prezesa rady ministr\u00f3w, Joanna Kocio\u0142ek, w nagrod\u0119 wyjechali na wycieczk\u0119 do Warszawy, gdzie mieli okazj\u0119 zwiedzi\u0107 gmach Sejmu. Uczniowie III klasy LO przygotowuj\u0105 si\u0119 do udzia\u0142u w og\u00f3lnopolskiej olimpiadzie j\u0119zyka polskiego. <\/span><\/span><\/p>\n<p align=\"justify\">\u00a0\u00a0\u00a0\u00a0 <span style=\"font-family: Calibri, sans-serif;\"><span style=\"font-size: large;\">Nasza szko\u0142a zosta\u0142a zg\u0142oszona do Debaty Oksfordzkiej. M\u0142odzie\u017c ma r\u00f3wnie\u017c okazj\u0119 zdobywa\u0107 laury w szkolnych konkursach przedmiotowych, kt\u00f3re s\u0105 przepustk\u0105 do nast\u0119pnych etap\u00f3w zmaga\u0144. Wszystkie te dzia\u0142ania z pewno\u015bci\u0105 przyczyni\u0105 si\u0119 do osi\u0105gania sukces\u00f3w w doros\u0142ym \u017cyciu. Z pewno\u015bci\u0105 zaowocuje r\u00f3wnie\u017c aktywno\u015b\u0107 m\u0142odzie\u017cy w dzia\u0142aniach na rzecz \u015brodowiska lokalnego. Uczniowie bior\u0105 udzia\u0142 w konkursach organizowanych przez miejscowe o\u015brodki kultury i organizacje \u017cycia spo\u0142ecznego. Aktywnie anga\u017cuj\u0105 si\u0119 w u\u015bwietnianie uroczysto\u015bci lokalnych, czego przyk\u0142adem mo\u017ce by\u0107 monta\u017c s\u0142owno-muzyczny przygotowany z okazji obchod\u00f3w 100. rocznicy odzyskania Niepodleg\u0142o\u015bci przez Polsk\u0119, a zaprezentowany podczas uroczysto\u015bci parafialnych w Jod\u0142owej. M\u0142odzie\u017c ch\u0119tnie w\u0142\u0105cza si\u0119 w akcje spo\u0142eczne czy charytatywne, zar\u00f3wno lokalne, jak i te o szerszej skali. <\/span><\/span><\/p>\n<p align=\"justify\"><span style=\"font-family: Calibri, sans-serif;\"><span style=\"font-size: large;\">\u00a0\u00a0\u00a0 Nagrod\u0105 za postaw\u0119 uczniowsk\u0105, pracowito\u015b\u0107 i zaanga\u017cowanie, s\u0105 r\u00f3\u017cne wyjazdy i imprezy o charakterze edukacyjnym, ale te\u017c rozrywkowym. Systematycznie wyje\u017cd\u017camy do teatru, kina, go\u015bcimy w murach naszej szko\u0142y r\u00f3\u017cne grupy teatralne z przedstawieniami. Wyje\u017cd\u017camy na wycieczki turystyczno-krajoznawcze, gdzie jest czas i miejsce na edukacj\u0119, zabaw\u0119 i integracj\u0119. <\/span><\/span><\/p>\n<p align=\"justify\"><span style=\"font-family: Calibri, sans-serif;\"><span style=\"font-size: large;\">\u00a0\u00a0 Szko\u0142a realizuje misj\u0119, kt\u00f3r\u0105 jest wychowanie m\u0142odego cz\u0142owieka <\/span><\/span><span style=\"font-family: Calibri, sans-serif;\"><span style=\"font-size: large;\">i wprowadzenie go w doros\u0142e \u017cycie, dzi\u0119ki pracy dyrekcji, nauczycieli, pracownik\u00f3w, zaanga\u017cowaniu \u015brodowiska lokalnego, a tak\u017ce rodzic\u00f3w, kt\u00f3rzy powierzyli swoje dzieci w\u0142a\u015bnie tej, a nie innej plac\u00f3wce.<\/span><\/span><\/p>\n","protected":false},"excerpt":{"rendered":"<p>\u00a0\u00a0\u00a0\u00a0 Od 01.09.2016 r. do 31.08.2018 r. organem prowadz\u0105cym szko\u0142\u0119 by\u0142a Izba Rzemie\u015blnicza oraz Ma\u0142ej i \u015aredniej Przedsi\u0119biorczo\u015bci w Tarnowie. Od 01.09.2018 r. szko\u0142\u0119 prowadzi Starostwo Powiatowe w D\u0119bicy. \u00a0\u00a0\u00a0\u00a0 Szko\u0142a w swoich dzia\u0142aniach stawia na rozw\u00f3j i nowoczesno\u015b\u0107. Pierwsz\u0105&hellip; <\/p>\n","protected":false},"author":1,"featured_media":0,"parent":0,"menu_order":2,"comment_status":"closed","ping_status":"closed","template":"","meta":{"footnotes":""},"class_list":["post-176","page","type-page","status-publish","hentry"],"_links":{"self":[{"href":"http:\/\/liceumjodlowa.pl\/index.php?rest_route=\/wp\/v2\/pages\/176","targetHints":{"allow":["GET"]}}],"collection":[{"href":"http:\/\/liceumjodlowa.pl\/index.php?rest_route=\/wp\/v2\/pages"}],"about":[{"href":"http:\/\/liceumjodlowa.pl\/index.php?rest_route=\/wp\/v2\/types\/page"}],"author":[{"embeddable":true,"href":"http:\/\/liceumjodlowa.pl\/index.php?rest_route=\/wp\/v2\/users\/1"}],"replies":[{"embeddable":true,"href":"http:\/\/liceumjodlowa.pl\/index.php?rest_route=%2Fwp%2Fv2%2Fcomments&post=176"}],"version-history":[{"count":12,"href":"http:\/\/liceumjodlowa.pl\/index.php?rest_route=\/wp\/v2\/pages\/176\/revisions"}],"predecessor-version":[{"id":5408,"href":"http:\/\/liceumjodlowa.pl\/index.php?rest_route=\/wp\/v2\/pages\/176\/revisions\/5408"}],"wp:attachment":[{"href":"http:\/\/liceumjodlowa.pl\/index.php?rest_route=%2Fwp%2Fv2%2Fmedia&parent=176"}],"curies":[{"name":"wp","href":"https:\/\/api.w.org\/{rel}","templated":true}]}}

<p align="justify"><span style="color: #000000;">     <span style="font-family: Calibri, sans-serif;"><span style="font-size: large;">Od 01.09.2016 r. do 31.08.2018 r. organem prowadzącym szkołę była Izba Rzemieślnicza oraz Małej i Średniej Przedsiębiorczości w Tarnowie. Od 01.09.2018 r. szkołę prowadzi Starostwo Powiatowe w Dębicy. </span></span></span></p>
<p align="justify"><span style="color: #000000;">     <span style="font-family: Calibri, sans-serif;"><span style="font-size: large;">Szkoła w swoich działaniach stawia na rozwój i nowoczesność. Pierwszą ważną inwestycją była audiowizualna pracownia języków obcych z tablicą multimedialną. Sukcesywnie prowadzony jest remont sal i pomieszczeń szkolnych. Generalny remont budynku przeprowadzony został w okresie wakacyjnym w 2017 r. obejmował pełną termomodernizację  budynku.  Wszystkie  te  działania  mają  na  celu  podniesienie  poziomu i jakości kształcenia.</span></span></span></p>
<p align="justify">     <span style="font-family: Calibri, sans-serif;"><span style="font-size: large;">Młodzież uczęszczająca do naszej szkoły może liczyć na wysoki poziom kształcenia w dobrej, przyjaznej atmosferze i przy indywidualnym podejściu do potrzeb i możliwości każdego ucznia. Nauka odbywa się z wykorzystaniem nowoczesnych metod i środków dydaktycznych. Obok nowoczesnej pracowni językowej mamy do dyspozycji otwartą z początkiem 2018 r. nową pracownię multimedialną, To procentuje. </span></span></p>
<p align="justify">    <span style="font-family: Calibri, sans-serif;"><span style="font-size: large;">Matura w 2018 r. zakończyła się sukcesem absolwentów i nauczycieli naszej szkoły. Młodzież uzyskała wysokie wyniki, które pozwoliły wielu na podjęcie studiów na wybranych uczelniach. Nasi uczniowie odnoszą również sukcesy w konkursach międzyszkolnych, naukowych i sportowych. Warto wspomnieć, że w roku obchodów 100. rocznicy odzyskania Niepodległości przez Polskę uczniowie III klasy LO – Mariusz Kapłon i Adam Dzierwa wzięli udział w Powiatowym Konkursie Retorycznym pod hasłem „Niepodległość jest z nas”, w którym Mariusz Kapłon został wyróżniony za wygłoszoną mowę. Uczestnicy konkursu oraz zeszłoroczna stypendystka prezesa rady ministrów, Joanna Kociołek, w nagrodę wyjechali na wycieczkę do Warszawy, gdzie mieli okazję zwiedzić gmach Sejmu. Uczniowie III klasy LO przygotowują się do udziału w ogólnopolskiej olimpiadzie języka polskiego. </span></span></p>
<p align="justify">     <span style="font-family: Calibri, sans-serif;"><span style="font-size: large;">Nasza szkoła została zgłoszona do Debaty Oksfordzkiej. Młodzież ma również okazję zdobywać laury w szkolnych konkursach przedmiotowych, które są przepustką do następnych etapów zmagań. Wszystkie te działania z pewnością przyczynią się do osiągania sukcesów w dorosłym życiu. Z pewnością zaowocuje również aktywność młodzieży w działaniach na rzecz środowiska lokalnego. Uczniowie biorą udział w konkursach organizowanych przez miejscowe ośrodki kultury i organizacje życia społecznego. Aktywnie angażują się w uświetnianie uroczystości lokalnych, czego przykładem może być montaż słowno-muzyczny przygotowany z okazji obchodów 100. rocznicy odzyskania Niepodległości przez Polskę, a zaprezentowany podczas uroczystości parafialnych w Jodłowej. Młodzież chętnie włącza się w akcje społeczne czy charytatywne, zarówno lokalne, jak i te o szerszej skali. </span></span></p>
<p align="justify"><span style="font-family: Calibri, sans-serif;"><span style="font-size: large;">    Nagrodą za postawę uczniowską, pracowitość i zaangażowanie, są różne wyjazdy i imprezy o charakterze edukacyjnym, ale też rozrywkowym. Systematycznie wyjeżdżamy do teatru, kina, gościmy w murach naszej szkoły różne grupy teatralne z przedstawieniami. Wyjeżdżamy na wycieczki turystyczno-krajoznawcze, gdzie jest czas i miejsce na edukację, zabawę i integrację. </span></span></p>
<p align="justify"><span style="font-family: Calibri, sans-serif;"><span style="font-size: large;">   Szkoła realizuje misję, którą jest wychowanie młodego człowieka </span></span><span style="font-family: Calibri, sans-serif;"><span style="font-size: large;">i wprowadzenie go w dorosłe życie, dzięki pracy dyrekcji, nauczycieli, pracowników, zaangażowaniu środowiska lokalnego, a także rodziców, którzy powierzyli swoje dzieci właśnie tej, a nie innej placówce.</span></span></p>

<p>     Od 01.09.2016 r. do 31.08.2018 r. organem prowadzącym szkołę była Izba Rzemieślnicza oraz Małej i Średniej Przedsiębiorczości w Tarnowie. Od 01.09.2018 r. szkołę prowadzi Starostwo Powiatowe w Dębicy.      Szkoła w swoich działaniach stawia na rozwój i nowoczesność. Pierwszą&hellip; </p>
